 98*g + 104. What is the tens digit of i(5)?
9
Suppose 0 = -5*l + j + 785, -l - 4*l - j + 775 = 0. Suppose -l = -5*t - 6. What is the tens digit of t?
3
Suppose 0 = 3*l - 4*f - 3089, -7*l + 4098 = -3*l + 5*f. What is the tens digit of l?
2
Let p(b) = 10*b - 83. Let d be p(20). Suppose -8*f + d = -2195. What is the tens digit of f?
8
Suppose -5*k = 3*a - 7975 - 4533, -3*k + 7492 = 5*a. Suppose -k = -46*y + 38*y. What is the units digit of y?
3
Suppose 3*y + 7 + 8 = 0. What is the units digit of (68 + -13)*(-6)/y?
6
Let c(l) = -11*l**2 + 4*l + 3. Let n be c(-2). Let m = n + 97. What is the units digit of m?
8
Let y(g) be the third derivative of -g**5/60 + 25*g**4/24 - 20*g**3/3 + 37*g**2. What is the tens digit of y(16)?
0
Suppose 3*i - 2*p + 84 = 4*i, 465 = 5*i - 5*p. What is the tens digit of i?
9
Let n = 603 - 258. What is the units digit of n?
5
Let s(l) = 55*l**2 + 2*l. Suppose 2 = 3*w - 3*y + 23, 5*w + 30 = 4*y. What is the tens digit of s(w)?
1
What is the hundreds digit of (-1)/2*(-1705 - -7)?
8
Suppose 0 = -3*x + 901 + 647. Suppose -x = -11*p + 287. What is the units digit of p?
3
Suppose 2*c + 0*w - 2*w - 130 = 0, 298 = 5*c + 4*w. What is the tens digit of c?
6
Let h be 12/2*2/(-3). What is the tens digit of -2*(-2)/h*-17?
1
Let o be -38*(-1)/9 + (-2)/9. Suppose 4*l - o = 0, 0 = 5*q - 0*q + l - 291. What is the tens digit of q?
5
Let q(t) = t**2 - 64*t + 2021. What is the thousands digit of q(0)?
2
Let w = -686 + 1097. What is the hundreds digit of w?
4
Suppose -132 + 36 = -4*c. Suppose 3*z - 28 = -s + c, -2*s + 2*z = -72. What is the units digit of s?
0
What is the units digit of 4/(-6) + 9432/216?
3
Suppose -r = 2*q + 14, 37 = -5*q + r - 3*r. Let a(m) = 2*m**2 + 13*m + 12. What is the units digit of a(q)?
7
Let i(r) = r**3 - 17*r**2 + 34*r - 25. What is the hundreds digit of i(17)?
5
Let f(i) = 2*i - 3. Let d(a) = a**3 - 5*a**2 - a - 8. Let c be d(6). Let w = c - 19. What is the units digit of f(w)?
3
Let o be (-230)/(-80) + (-2)/(-16). What is the tens digit of (-27)/(-12)*112/o?
8
Let g(o) = -o. Let n be g(-5). Suppose -n*v - 6*c - 460 = -c, 2*c - 398 = 4*v. Let h = -55 - v. What is the units digit of h?
2
Let u be ((-270)/5)/(2/1 - 3). Suppose 7*y - 352 = u. What is the tens digit of y?
5
Let a(k) = -104*k - 147. What is the units digit of a(-10)?
3
Suppose 13670 = 20*w - 12930. What is the tens digit of w?
3
Let t(b) = -9*b + 1. Let w(r) = 4*r. Let a(u) = -2*t(u) - 5*w(u). Let g be a(-3). What is the units digit of (2 + (3 - g))*19?
9
Suppose -484 + 124 = -2*s + 3*l, s + 4*l - 180 = 0. Suppose -4*f + s = 3*t - 148, -5*t + 536 = 4*f. What is the hundreds digit of t?
1
What is the hundreds digit of (-55 - (-8)/4)/(1/(-29))?
5
Suppose 14*k - 36168 = 8212. What is the hundreds digit of k?
1
Suppose 0 = 2*u - 6*u + 380. Suppose -5*k + 110 + u = 0. What is the tens digit of k?
4
Suppose 1 = x + 2. Let h(b) = -43*b**3 + b. What is the units digit of h(x)?
2
Let k be 4/(16/4)*(-163 + 1). Let u = 292 + k. What is the tens digit of u?
3
Let c(w) = 3*w**3 + 8*w**2 + 12*w + 9. What is the tens digit of c(7)?
1
Suppose -9 = -0*a - 3*a. Suppose g + a*k = -4, g - 5*g + 17 = k. Let t = g + 4. What is the units digit of t?
9
Let l(q) be the third derivative of 4*q**5/15 - q**4/6 + q**3/2 - 3*q**2. What is the units digit of l(3)?
5
Let x(q) = 5*q**2 - 36*q - 39. What is the hundreds digit of x(27)?
6
Suppose 316*j = 318*j - 3640. What is the tens digit of j?
2
What is the hundreds digit of (30/(-50))/(1/(-3835))?
3
Suppose 0 = -p - 4*f + 1079, 0 = -2*p - 3*f - f + 2166. What is the hundreds digit of p?
0
Suppose 0 = 4*d + 11 - 63. Suppose 9 = a - 2*p, 5*a - d = p + p. What is the units digit of ((3 - 163)/(-4))/a?
0
Let f(l) = -l**2 - 7*l + 9. Let w be f(-7). Suppose -w*g + 225 = -8*g. Suppose 87 = 4*p - g. What is the units digit of p?
8
Let v be 98/42 + (-2)/6. Suppose 2*o - v = -4. What is the tens digit of -3 - -1 - -38 - o?
3
Suppose 300 = 3*u - 0*u. Let y = 41 - 36. Suppose a - u = -3*t, 2*a = -y*t + 270 - 102. What is the tens digit of t?
3
Let j(g) = g**2 - 7*g - 6. Let b be j(8). Let f be (-201)/12 - b/8. Let k(q) = -q**3 - 17*q**2 - 2*q - 14. What is the tens digit of k(f)?
2
Let y(j) = -j**3 - 2*j - 137. Let p be y(0). Let l = 66 - p. What is the tens digit of l?
0
Suppose -23*q + 26*q = 4176. What is the thousands digit of q?
1
Let t = 1065 - 763. What is the tens digit of t?
0
Let g(k) = 7*k + 18. Let q(h) = 34*h + 90. Let d(z) = 14*g(z) - 3*q(z). What is the units digit of d(-10)?
2
Let z = -130 + 286. Suppose 5*k - 2*i - z = 0, -4*i - 5 - 7 = 0. Suppose k = v - l, 2*l = -2*v + 32 + 40. What is the units digit of v?
3
Suppose -4*y - 3*f = f - 1436, 738 = 2*y - 3*f. What is the hundreds digit of y?
3
Let j = 51 - 15. Let v(d) = 3*d + 17. Let b be v(-5). Suppose 2*l - 42 = -2*p + j, -4*l - b*p = -150. What is the units digit of l?
6
Suppose 16 = -15*h + 91. What is the units digit of 352/(-1 - -5) + (h - 1)?
2
Suppose 0 = -g - 5*o + 868, 0*o - 4236 = -5*g + o. What is the units digit of g?
8
Suppose 2*r - 3*r = -39. Suppose 3 = -g + r. What is the units digit of g?
6
Suppose -3*k = 2 + 10. Let t be (19/k + -1)*8. Let j = 17 - t. What is the tens digit of j?
6
Let g = 1348 + -901. What is the units digit of g?
7
Suppose -9*r - 177 = -1716. Suppose -197 = -4*s + 6*l - l, -3*s - 4*l + r = 0. What is the tens digit of s?
5
Suppose -z - 2*l + 5*l = -171, 2*z - 5*l = 340. Suppose 19 = 2*t - z. What is the tens digit of t?
9
Let w = 3970 - 1846. What is the tens digit of w?
2
Let b(m) = -m**2 + 134*m + 9. What is the units digit of b(13)?
2
Let o(f) = -f**2 - 2*f + 3. Let r be o(1). Suppose -5 = 5*w, r*d - 70 = -d + 5*w. What is the tens digit of d?
6
Let x be -3*(-2 + (-1)/(-3)). Suppose 1 = -2*f - j, -x*f - 15 = -0*j + 5*j. Suppose 0 = 2*z + 5*t - 63, f*z = 5*z + t - 62. What is the tens digit of z?
1
Let t = -3720 + 5372. What is the hundreds digit of t?
6
Suppose 3*k = 4*g - 3840, -g + 5*k = 10*k - 983. What is the hundreds digit of g?
9
Let c(r) = -16*r + 128. What is the hundreds digit of c(-20)?
4
Let s = 4917 + -3086. What is the thousands digit of s?
1
Suppose 4*a - 16 = 4*u, 5*u + a + 22 = -4. Let t(h) = -24*h + 1. What is the units digit of t(u)?
1
Let g(b) = -286*b**3 + 26*b + 26. What is the units digit of g(-1)?
6
Let f = 133 - -900. What is the hundreds digit of f?
0
Let j(n) = 2*n**2 - 47*n - 17. What is the units digit of j(35)?
8
Suppose -3*g - 567 = -r, 6*g - g + 925 = -5*r. Let b = g - -370. What is the units digit of b?
2
Let w(t) = 27*t**2 + 2*t + 1. Let b be w(-2). Let r be (12/2 - 3) + b. Suppose -3*k + 98 = 4*o, 2*o - 2*k = -2*o + r. What is the units digit of o?
6
Let c(o) = 5*o**2 - 79*o + 12. What is the hundreds digit of c(-7)?
8
Let x = -11078 - -15695. What is the units digit of x?
7
Let v = 266 - -881. What is the thousands digit of v?
1
Suppose -42 = -4*i + 2*k, 4*i = 7*i - 3*k - 36. Let u = 2 + i. Suppose 0 = w - 4 - u. What is the tens digit of w?
1
Let l = -15 - -67. Suppose 2 = w - l. What is the tens digit of w?
5
Let w(o) = o**3 - 41*o**2 - 82*o + 68. What is the tens digit of w(43)?
4
Let h(d) = -7*d**3 - 2*d**2 + d + 2. Let t be -1 - ((-4)/4)/(-1). What is the tens digit of h(t)?
4
Suppose 14*a = 6022 + 10022. What is the units digit of a?
6
Let q(k) = -2*k**3 - 6*k**2 - 2*k + 8. Let m be q(-5). Let t = 168 - m. Suppose t = 5*n - 45. What is the tens digit of n?
1
Let d(c) = 7*c + 13. Let p be d(9). Let q = p + -43. What is the units digit of q?
3
Let n(x) = -3*x**3 + 25*x**2 - 12*x + 4. Let v(p) = p**3 - 5*p**2 + 12*p - 26. Let u be v(4). What is the tens digit of n(u)?
8
Let o be 6/(4 + -2) - -3. Let n(h) = 0*h**2 - 3 - 5*h**2 - 8*h + o + 6*h**2. What is the units digit of n(9)?
2
Suppose 137*c = 140*c - 1740. What is the hundreds digit of c?
5
Suppose -950 = 12*s - 17*s. Suppose s = 30*d - 28*d. What is the units digit of d?
5
Suppose 4*h - 17 = 103. Suppose -6*k = -k + h. Let p = 39 - k. What is the units digit of p?
5
Suppose -2234*y + 1430 = -2232*y. What is the units digit of y?
5
What is the units digit of (28/98)/((-1)/(-2821))?
6
Let f(l) = -2*l - l**2 + 6*l**2 + 5*l - 3 + 2. Let x be (9/6)/((-6)/(-8)). What is the units digit of f(x)?
5
Let m = -40 - -98. Let w = m + 18. Suppose -d - 4